13 + 11 + (0 - (1 - 2))?
-1
What is 6 + -7 + 26 + -15?
10
What is the value of -7 - (-18 + 2 + 6)?
3
Evaluate -4 + 5 - 0 - 4.
-3
Evaluate (20 - 15) + (-5 - 1).
-1
What is the value of -13 - (-2 - (-3 - (-5 - 2)))?
-7
Calculate 2 + -3 - (-11 - -7).
3
6 - (6 + -6 + 2) - -2
6
(-7 - (-13 - 0)) + -1
5
4 + (-2 - 2) + -5 + 5
0
What is (-5 - 12) + (-3 - -10) - -4?
-6
What is (-2 - 1) + (13 - (-1 + 6))?
5
(-1 - -7 - 9) + -1
-4
What is the value of 6 - ((2 - 5) + 7 + 0)?
2
Evaluate (2 - 4) + 2 + -1.
-1
Calculate -1 + 2 + 1 - (-3 + 2).
3
Calculate -1 - ((-1 - (2 - -1)) + 5).
-2
Calculate (-15 - -16) + (1 - 15) - -4.
-9
Evaluate 5 - 0 - 8 - (-3 + -1).
1
What is the value of -13 + 13 + (0 - -1) - 2?
-1
2 + 0 + (-3 - (5 + -4))
-2
Evaluate -1 + 1 - -1 - (4 + 1).
-4
Evaluate -4 - (-6 - (3 - 3)) - 5.
-3
Evaluate (0 + 1 - -5) + -3.
3
Calculate 2 + -2 - (13 + -14).
1
Evaluate 8 + -1 + -5 - -1.
3
What is -9 - (1 + 0 + -5)?
-5
11 + -6 + -16 + 7
-4
What is the value of -2 + -5 - (-6 - 4)?
3
8 - 5 - -3 - 3
3
What is (-8 - -9) + (0 - -3)?
4
What is (-1 - -14) + (104 - 117)?
0
What is -5 + 4 + -4 + 0 + 4?
-1
Evaluate -15 + 13 + 0 + 4.
2
1 + 1 - (-1 + 7)
-4
What is -2 - (10 + -13 - -7)?
-6
What is (1 - (-4 - -11)) + 3?
-3
What is the value of (-15 - -1) + (4 - -3) + 10?
3
Calculate -1 - -1 - (17 - 17).
0
Calculate 2 + -4 + 1 + 4 + -3.
0
What is 1 - (3 + -7 + 4)?
1
Calculate 7 - 5 - (-1 + -1 + 1).
3
What is the value of (0 - -3) + (-4 - (2 - 5))?
2
Calculate 3 - (6 + (-12 - -5)).
4
Calculate -4 + 7 + 0 - 0.
3
-2 - (12 - 0 - 18)
4
What is 8 + (-5 - -1) + -1?
3
1 + -1 - (-5 - -2)
3
Evaluate -7 - ((-2 - -2) + -4).
-3
What is 12 + (-5 - (6 - -8))?
-7
Calculate 14 + -16 + 7 + 2.
7
What is 3 + -5 + 2 + 0 + 5?
5
Calculate 3 + ((2 - -2) + -2 - 2).
3
What is 3 + -1 - 0 - (4 + 1)?
-3
What is (13 - 2) + 3 + -10?
4
What is the value of (-1 - 0) + 15 + -13 + 0?
1
(8 - 10) + (2 - (-5 + 0))
5
What is the value of (3 - 0) + (2 - (6 - 4))?
3
What is the value of -13 - (-22 + 3 + 7)?
-1
Calculate 0 + -4 + 16 + -13.
-1
-2 + 0 + (-3 - 0)
-5
What is 2 - (-4 + 4 + 3)?
-1
Evaluate -7 - (-4 + 8) - -5 - 0.
-6
What is -1 + (-1 + 5 - (-1 + 9))?
-5
Calculate 4 - ((1 + 4 - 5) + 7).
-3
What is (-3 - (-3 + (-1 - 2))) + 1?
4
Evaluate -18 + 7 + 0 + -6 + 8.
-9
Evaluate -5 - 1 - -1 - -5.
0
(7 - 10) + 1 + 0 - -6
4
What is the value of 11 + 3 + 2 + -11?
5
-5 + (5 - 1) + -3
-4
Evaluate 3 + -12 + 4 + 1 + 2.
-2
What is -3 + 5 + (5 - 7) + 6?
6
Calculate 4 - 2 - (5 - 1).
-2
What is the value of 8 - (7 + (-5 - 0))?
6
What is the value of 0 + 1 + 5 + (0 - 10)?
-4
What is the value of (23 - (3 + 13)) + -1 + -6?
0
5 - ((-6 - -1) + 5)
5
Calculate 6 + (-8 + 8 - 11).
-5
What is 1 + 4 + -5 + 2?
2
What is the value of -12 + (2 - -3) - -7?
0
(2 - 2) + 0 + -2
-2
Calculate -7 + (2 - 1) - -12 - 10.
-4
Calculate -14 + 10 - (-5 - -4).
-3
6 + -10 - (-7 + 7)
-4
What is the value of 5 + (5 + (-5 - 0) - -2)?
7
Evaluate -1 + 10 - (-5 + 11).
3
Evaluate -4 + (-10 + 10 - -3).
-1
Evaluate 2 + -1 + (-18 - -13).
-4
-2 + 15 + -9 + -4
0
What is the value of 6 + 4 + (3 - 10)?
3
What is the value of 2 + 2 - (10 - 13)?
7
What is (0 - (4 + -8 + 3)) + 2?
3
What is 0 + 4 - (7 - 1)?
-2
Evaluate 4 + 1 + -4 - 4.
-3
Evaluate 14 + -3 + -5 + -12.
-6
Evaluate 1 + -2 + -7 + 4.
-4
What is the value of -1 - -2 - -2 - (6 + -4)?
1
What is 6 - (5 - (1 + 2 - 0))?
4
Evaluate -2 + (0 - (2 - 0) - -4).
0
2 + -2 + (0 - -3)
3
What is the value of 1 - (6 - ((3 - 4) + 6))?
0
-4 + -1 + -7 + 16
4
Calculate -1 + (7 - 3) + (-6 - 0).
-3
What is -38 + 35 - (1 + -3)?
-1
What is 2 + 1 + (2 - 4) + 0?
1
What is -3 + 2 - -4 - (-28 + 25)?
6
What is -6 + 2 - (-10 + 2) - 1?
3
1 + -2 + -4 + (20 - 17)
-2
Calculate -10 + 12 - (-1 - 0) - 6.
-3
-7 - (-5 + -4 + -2)
4
What is the value of (7 - -4) + -9 + -2?
0
What is the value of (1 - -2) + 0 - (-126 - -131)?
-2
-2 - 5 - (10 - -1 - 12)
-6
(25 - 31) + (1 - -10)
5
What is the value of 8 - (4 + -6 + 7)?
3
What is the value of -2 + 3 + -4 + 5?
2
-2 + (-2 - 0 - (-10 + 3))
3
What is 0 - (-12 - (1 - 6))?
7
What is the value of (-4 - (-4 - 0)) + (0 - -3)?
3
Calculate -2 + 2 + 0 - -4 - 1.
3
What is 1 - -5 - (-19 - -23) - -3?
5
What is -12 - -8 - (5 - 5)?
-4
What is the value of -4 - (-4 + (7 - 3))?
-4
(6 - 1) + (2 - 4)
3
What is the value of -6 - ((4 - 3) + -2 - -1)?
-6
-11 + 1 + (-84 - -96)
2
Calculate (-5 - 1) + -19 + 22.
-3
What is 0 + (-2 - (1 - 3))?
0
What is the value of (-3 + -3 - -6) + -2 - -6?
4
What is -6 + (11 - (0 + -4 - -10))?
-1
What is (4 - -8 - 5) + (1 - -3)?
11
What is the value of -13 - -10 - 1 - (0 + 2)?
-6
What is the value of -77 + 77 + (-2 - -1)?
-1
-6 - -6 - (-9 - (3 + -6))
6
What is (2 - 1) + (-5 - -10)?
6
What is 3 + -6 + (1 - 2)?
-4
Evaluate (1 - 1) + -2 + 1.
-1
Calculate -8 + 11 + 2 + (0 - 4).
1
What is the value of -3 - (-2 - 0) - 0 - 0?
-1
Evaluate (3 + 5 - 1) + -9.
-2
What is the value of -16 - (-44 + 30 + (8 - 1))?
-9
What is the value of 4 + (-2 + 10 - 2) + -3?
7
Calculate (3 - 0) + (-18 - -8).
-7
Evaluate -4 - ((7 + -1 - 13) + 2).
1
1 + -3 + 1 - 3 - 1
-5
What is (-4 + 2 - -1) + (8 - 2)?
5
Calculate 6 - (6 - 4) - (1 + 7).
-4
Calculate (4 - -1) + (-12 + 6 - -3).
2
Evaluate -4 + 5 + 3 - (-1 - -2).
3
What is -2 + 2 - (24 + -26)?
2
-3 + (3 - (-8 - -3))
5
What is (7 - (-8 + 12)) + -2?
1
What is (0 + -3 - 1) + 9?
5
What is the value of 68 - 67 - (1 + 4)?
-4
What is 13 - 18 - (3 + -5 - 4)?
1
Evaluate -3 + 1 - (-3 + 2).
-1
What is the value of -1 + 7 + 8 + -8?
6
What is the value of -6 + (2 - -5 - 3)?
-2
What is the value of 5 - (-4 + 3 + (5 - 4))?
5
What is the value of -4 + (2 - (-7 - -4))?
1
What is the value of 3 + (-4 - -2 - -5)?
6
7 + -2 + -11 + (-2 - -15)
7
Calculate (13 - 6) + 2 + -3.
6
What is (-1 + 5 - -2) + -4?
2
Evaluate 0 + (1 - (4 - 4)).
1
What is the value of 4 - (3 + 3) - -2?
0
What is -3 + (-4 - (-2 + 0))?
-5
Calculate (-9 - -10) + 14 - 13.
2
What is the value of -3 - ((-8 - (1 - 5)) + 4)?
-3
What is -6 - (7 - 13 - 5)?
5
What is the value of 11 + -2 + (-59 - -59)?
9
What is the value of (9 - 8 - (1 - 8)) + 2?
10
Evaluate 3 - 7 - (-48 - -49).
-5
Calculate -3 - -1 - -4 - (16 + -16).
2
What is 4 + (-6 + 3 - -4)?
5
Calculate 7 + (3 - 1 - (11 + 2)).
-4
-3 + 5 + 2 - 3
1
Calculate 3 + (2 + 3 - 10).
-2
-2 + (4 - (2 + 3))
-3
-7 + 1 - (-1 - (-5 + 5))
-5
(0 - -15 - 16) + -6 + -1
-8
-12 + (5 - (-4 + 2 + 1))
-6
What is the value of -4 + 3 + 15 + -16?
-2
Evaluate 2 - (7 - (-2 - -6) - 7).
6
What is (5 - (-2 + 4)) + -3?
0
-10 + 12 + -4 - (4 - -1)
-7
What is the value of (9 + -4 - 10) + 10 + -10?
-5
Evaluate (-1 - (-14 + (7 - 3))) + -3.
6
Calculate 44 - 31 - (5 + 2).
6
What is the value of 4 + 0 + 0 - (-3 - -2)?
5
-5 - ((6 - 7) + -4)
0
What is (-6 - -6) + 9 - 6?
3
0 + 14 + -2 + -20
-8
What is the value of 5 - ((-4 - -3) + 7 - 2)?
1
2 - (18 + -2 - (4 - -3))
-7
2 - (13 - (1 - (-1 + -1)))
-8
Calculate 5 + -20 + 6 + -2 + 6.
-5
-5 - (-8 + 9 + -2)
-4
Calculate 1 + (6 - (-4 - -2 - -4)).
5
(6 - -7) + (2 - 8)
7
(-6 - -10) + (2 - (-2 - -8))
0
Calculate (-3 + 3 - 4) + 5 + 1.
2
What is -3 - (6 - (3 - -7)) - -5?
6
What is 2 - (-4 + 5 - 3 - -6)?
-2
Evaluate 3 - (6 + 3) - -2.
-4
What is 4 + -3 + 0 + (-4 - 1)?
-4
-9 + (1 - (-10 + 4))
-2
What is (28 - 27) + -2 + 0 + -2?
-3
What is the value of (1 - (-2 - 3)) + (-1 - 2)?
3
What is -4 + -1 - (8 + (-21 - -8))?
0
Evaluate 4 + (-4 - -5) + -11.
-6
What is the value of 8 - 0 - (9 - 4 - 2)?
5
Evaluate 8 - -5 - 6 - (2 - -2).
3
What is -10 + (22 - 15) - (-3 + 6)?
-6
What is the value of (1 - -8) + (72 - 73)?
8
Evaluate (-8 - (-5 - -8)) + (3 - -3).
-5
Calculate -5 + 1 - (6 - 17 - -7).
0
What is the value of (7 - -4) + 0 + -2 - 6?
3
Evaluate -10 + (-7 - -21) + 2 + -1.
5
2 + -2 + (2 - 1) + 4
5
(-4 - -2) + (2 - 3 - -4)
1
(-1 + -1 - (-2 - 3)) + 0
3
-3 - (-4 - 0) - 4
-3
13 - 0 - (3 - -4)
6
What is the value of 0 + 0 + (-1 - -1) + -5?
-5
-50 + 46 - (-2 - 5)
3
What is the value of -1 - (2 - ((3 - -2) + -8))?
-6
3 + -5 + -2 + 3
-1
What is 7 + (-3 - 0) + 0?
4
8 - (-1 - -1 - (-4 + 0))
4
What is (6 - (-2 + 2 - -3)) + -4?
-1
-7 - -2 - (0 - 4 - -3)
-4
What is -6 + (-3 - -3) + 5?
-1
Calculate (-3 - 1 - -6) + -2.
0
Calculate 0 + (-1 - (-3 - (-3 + 4))).
3
What is the value of -9 + 8 + (-7 - -2)?
-6
What is (-3 - (5 - (17 + -4))) + 0?
5
What is -6 + (6 - (4 - -2))?
-6
(5 - 2) + 6 + -14
-5
Evaluate 2 + 6 - (-1 